{"id":17,"date":"2008-10-19T02:29:25","date_gmt":"2008-10-19T05:29:25","guid":{"rendered":"http:\/\/localhost\/sochob\/?page_id=12"},"modified":"2008-11-03T04:06:43","modified_gmt":"2008-11-03T02:06:43","slug":"contactenos","status":"publish","type":"page","link":"https:\/\/www.sochob.cl\/web\/contactenos\/","title":{"rendered":"Cont\u00e1ctenos"},"content":{"rendered":"\n\t\t<div id=\"usermessagea\" class=\"cf_info \"><\/div>\n\t\t<form enctype=\"multipart\/form-data\" action=\"\/web\/wp-json\/wp\/v2\/pages\/17#usermessagea\" method=\"post\" class=\"cform formulario-de-contacto \" id=\"cformsform\">\n\t\t<ol class=\"cf-ol\">\n\t\t\t<li id=\"li--1\" class=\"\"><label for=\"cf_field_1\"><span>Nombre<\/span><\/label><input type=\"text\" name=\"cf_field_1\" id=\"cf_field_1\" class=\"single fldrequired\" value=\"\" onfocus=\"clearField(this)\" onblur=\"setField(this)\"\/><span class=\"reqtxt\"><\/span><\/li>\n\t\t\t<li id=\"li--2\" class=\"\"><label for=\"cf_field_2\"><span>Apellido<\/span><\/label><input type=\"text\" name=\"cf_field_2\" id=\"cf_field_2\" class=\"single fldrequired\" value=\"\"\/><span class=\"reqtxt\"><\/span><\/li>\n\t\t\t<li id=\"li--3\" class=\"\"><label for=\"cf_field_3\"><span>Direcci\u00f3n<\/span><\/label><input type=\"text\" name=\"cf_field_3\" id=\"cf_field_3\" class=\"single fldrequired\" value=\"\"\/><span class=\"reqtxt\"><\/span><\/li>\n\t\t\t<li id=\"li--4\" class=\"\"><label for=\"cf_field_4\"><span>Comuna<\/span><\/label><input type=\"text\" name=\"cf_field_4\" id=\"cf_field_4\" class=\"single fldrequired\" value=\"\"\/><span class=\"reqtxt\"><\/span><\/li>\n\t\t\t<li id=\"li--5\" class=\"\"><label for=\"cf_field_5\"><span>Ciudad<\/span><\/label><input type=\"text\" name=\"cf_field_5\" id=\"cf_field_5\" class=\"single fldrequired\" value=\"\"\/><span class=\"reqtxt\"><\/span><\/li>\n\t\t\t<li id=\"li--6\" class=\"\"><label for=\"cf_field_6\"><span>Profesi\u00f3n<\/span><\/label><input type=\"text\" name=\"cf_field_6\" id=\"cf_field_6\" class=\"single fldrequired\" value=\"\"\/><span class=\"reqtxt\"><\/span><\/li>\n\t\t\t<li id=\"li--7\" class=\"\"><label for=\"cf_field_7\"><span>Email<\/span><\/label><input type=\"text\" name=\"cf_field_7\" id=\"cf_field_7\" class=\"single fldemail fldrequired\" value=\"\"\/><span class=\"emailreqtxt\"><\/span><\/li>\n\t\t\t<li id=\"li--8\" class=\"\"><label for=\"cf_field_8\"><span>Tel\u00e9fono<\/span><\/label><input type=\"text\" name=\"cf_field_8\" id=\"cf_field_8\" class=\"single fldrequired\" value=\"\"\/><span class=\"reqtxt\"><\/span><\/li>\n\t\t\t<li id=\"li--9\" class=\"\"><label for=\"cf_field_9\"><span>Mensaje<\/span><\/label><textarea cols=\"30\" rows=\"8\" name=\"cf_field_9\" id=\"cf_field_9\" class=\"area fldrequired\"><\/textarea><span class=\"reqtxt\"><\/span><\/li>\n\t\t<\/ol>\n\t\t<fieldset class=\"cf_hidden\">\n\t\t\t<legend>&nbsp;<\/legend>\n\t\t\t<input type=\"hidden\" name=\"cf_working\" id=\"cf_working\" value=\"<span>Un%20momento%20porfavor...<\/span>\"\/>\n\t\t\t<input type=\"hidden\" name=\"cf_failure\" id=\"cf_failure\" value=\"<span>Llenar%20todos%20los%20campos%20requeridos.<\/span>\"\/>\n\t\t\t<input type=\"hidden\" name=\"cf_codeerr\" id=\"cf_codeerr\" value=\"<span>Please%20double-check%20your%20verification%20code.<\/span>\"\/>\n\t\t\t<input type=\"hidden\" name=\"cf_customerr\" id=\"cf_customerr\" value=\"yyy\"\/>\n\t\t\t<input type=\"hidden\" name=\"cf_popup\" id=\"cf_popup\" value=\"nn\"\/>\n\t\t<\/fieldset>\n\t\t<p class=\"cf-sb\"><input type=\"submit\" name=\"sendbutton\" id=\"sendbutton\" class=\"sendbutton\" value=\"Enviar\"\/><\/p><\/form><p class=\"linklove\" id=\"ll\"><a href=\"http:\/\/www.deliciousdays.com\/cforms-plugin\"><em>cforms<\/em> contact form by delicious:days<\/a><\/p>\n","protected":false},"excerpt":{"rendered":"<p>Nombre Apellido Direcci\u00f3n Comuna Ciudad Profesi\u00f3n Email Tel\u00e9fono Mensaje &nbsp; cforms contact form by delicious:days<\/p>\n","protected":false},"author":1,"featured_media":0,"parent":0,"menu_order":7,"comment_status":"open","ping_status":"open","template":"","meta":{"footnotes":""},"class_list":["post-17","page","type-page","status-publish","hentry"],"_links":{"self":[{"href":"https:\/\/www.sochob.cl\/web\/wp-json\/wp\/v2\/pages\/17","targetHints":{"allow":["GET"]}}],"collection":[{"href":"https:\/\/www.sochob.cl\/web\/wp-json\/wp\/v2\/pages"}],"about":[{"href":"https:\/\/www.sochob.cl\/web\/wp-json\/wp\/v2\/types\/page"}],"author":[{"embeddable":true,"href":"https:\/\/www.sochob.cl\/web\/wp-json\/wp\/v2\/users\/1"}],"replies":[{"embeddable":true,"href":"https:\/\/www.sochob.cl\/web\/wp-json\/wp\/v2\/comments?post=17"}],"version-history":[{"count":4,"href":"https:\/\/www.sochob.cl\/web\/wp-json\/wp\/v2\/pages\/17\/revisions"}],"predecessor-version":[{"id":484,"href":"https:\/\/www.sochob.cl\/web\/wp-json\/wp\/v2\/pages\/17\/revisions\/484"}],"wp:attachment":[{"href":"https:\/\/www.sochob.cl\/web\/wp-json\/wp\/v2\/media?parent=17"}],"curies":[{"name":"wp","href":"https:\/\/api.w.org\/{rel}","templated":true}]}}