{"id":10,"date":"2008-10-23T05:30:13","date_gmt":"2008-10-23T03:30:13","guid":{"rendered":"http:\/\/www.sochob.cl\/web1\/?page_id=10"},"modified":"2008-12-09T16:01:42","modified_gmt":"2008-12-09T20:01:42","slug":"links-de-interes","status":"publish","type":"page","link":"https:\/\/www.sochob.cl\/web1\/links-de-interes\/","title":{"rendered":"Sitios de Inter\u00e9s"},"content":{"rendered":"<p>\u2022\u00a0 <a href=\"http:\/\/www.inta.cl\" target=\"_blank\">www.inta.cl<\/a> (Instituto de Nutrici\u00f3n y Tecnolog\u00eda de los Alimentos)<\/p>\n<p>El INTA es un Centro de Investigaci\u00f3n, dependiente de la Universidad de Chile, cuyo objetivo es producir la mejor investigaci\u00f3n, docencia y extensi\u00f3n posible, para hacer un aporte significativo en la soluci\u00f3n de los problemas alimentario-nutricionales de Chile. En este sitio usted encontrar\u00e1, entre otras cosas, Noticias, Cursos de Educaci\u00f3n a Distancia para profesionales del \u00e1rea de Nutrici\u00f3n y Diplomados\u2026<\/p>\n<p>\u2022\u00a0 <a href=\"http:\/\/www.nature.com\/oby\/index.html\" target=\"_blank\">www.nature.com\/oby\/index.html<\/a> (Revista Obesity)<\/p>\n<p>\u2022\u00a0 <a href=\"http:\/\/www.sochipe.cl\" target=\"_blank\">www.sochipe.cl<\/a> (Sociedad Chilena de Pediatr\u00eda)<\/p>\n<p>Aqu\u00ed encontrar\u00e1 Noticias, art\u00edculos, eventos y contenidos de la Revista Institucional de Sochipe. Podr\u00e1 conocer cu\u00e1les son los cursos y Congresos m\u00e1s importantes que se dictar\u00e1n en Chile y en el resto del mundo durante el a\u00f1o en estas materias.\u00a0 Adem\u00e1s, tendr\u00e1 acceso a pr\u00e1cticas recomendaciones para el manejo de pacientes pedi\u00e1tricos\u2026<\/p>\n<p>\u2022\u00a0 <a href=\"http:\/\/http:\/\/diabetes.diabetesjournals.org\" target=\"_blank\">http:\/\/diabetes.diabetesjournals.org<\/a> (Revista Diabetes)<\/p>\n<p>\u2022\u00a0 <a href=\"http:\/\/clinical.diabetesjournals.org\" target=\"_blank\">http:\/\/clinical.diabetesjournals.org<\/a> (Revista Clinical Diabetes)<\/p>\n<p>\u2022\u00a0 <a href=\"http:\/\/www.nature.com\/ijo\/index.html\" target=\"_blank\">www.nature.com\/ijo\/index.html<\/a> (Revista International Journal of Obesity)<\/p>\n<p>\u2022\u00a0 <a href=\"http:\/\/www.idf.org\" target=\"_blank\">www.idf.org<\/a> (Federaci\u00f3n Internacional de Diabetes)<\/p>\n<p>La IDF es una alianza mundial que re\u00fane a m\u00e1s de 200 asociaciones de diabetes de 160 pa\u00edses. En esta p\u00e1gina web usted encontrar\u00e1 la\u00a0 informaci\u00f3n necesaria y los mejores datos para optimizar la calidad de vida de estos pacientes en el mundo\u2026<\/p>\n<p>\u2022\u00a0 <a href=\"http:\/\/www.blackwellpublishing.com\/journal.asp?ref=1467-7881\" target=\"_blank\">www.blackwellpublishing.com\/journal.asp?ref=1467-7881<\/a> (Revista Obesity Reviews)<\/p>\n<p>\u2022\u00a0 <a href=\"http:\/\/www.alad-latinoamerica.org\" target=\"_blank\">www.alad-latinoamerica.org<\/a> (Asociaci\u00f3n Latinoamericana de Diabetes)<\/p>\n<p>ALAD es una agrupaci\u00f3n de profesionales latinoamericanos de la salud y de disciplinas afines, con inter\u00e9s especial en la diabetes, para lo cual desarrollan actividades en el campo de la docencia, la pr\u00e1ctica cl\u00ednica, la investigaci\u00f3n y la salud p\u00fablica. Si usted desea aumentar sus conocimientos en Diabetolog\u00eda en el \u00e1mbito geogr\u00e1fico de Am\u00e9rica Latina, adem\u00e1s de conocer todo acerca de simposios, cursos y eventos relacionados con el \u00e1rea, \u00e9ste es un primer paso\u2026<\/p>\n<p>\u2022\u00a0 <a href=\"http:\/\/www.informaworld.com\/smpp\/title~content=t725414071\" target=\"_blank\">www.informaworld.com\/smpp\/title~content=t725414071<\/a> (Revista International Journal of Pediatric Obesity)<\/p>\n<p>\u2022\u00a0 <a href=\"http:\/\/www.smschile.cl\" target=\"_blank\">www.smschile.cl<\/a> (Sociedad M\u00e9dica de Santiago)<\/p>\n<p>La p\u00e1gina web de la Sociedad Chilena de Medicina Interna, contiene Cursos, Congresos y Actividades, circunscritas al \u00e1mbito de la Medicina Interna y sus especialidades derivadas\u2026<\/p>\n<p>\u2022\u00a0 <a href=\"http:\/\/www.blackwellpublishing.com\/journal.asp?ref=1462-8902\" target=\"_blank\">www.blackwellpublishing.com\/journal.asp?ref=1462-8902<\/a> (Diabetes, Obesity and Metabolism)<\/p>\n<p>\u2022\u00a0<a href=\"http:\/\/www.soched.cl\" target=\"_blank\"> www.soched.cl<\/a> (Sociedad Chilena de Endocrinolog\u00eda y Diabetes)<\/p>\n<p>Aqu\u00ed encontrar\u00e1 todo sobre Reuniones Cl\u00ednicas, Cursos y Congresos, adem\u00e1s de material cl\u00ednico y docente acerca de la Endocrinolog\u00eda y la Diabetes\u2026<\/p>\n<p>\u2022\u00a0 <a href=\"http:\/\/www.liebertpub.com\/Products\/Product.aspx?pid=123\" target=\"_blank\">www.liebertpub.com\/Products\/Product.aspx?pid=123<\/a> (Revista Obesity Management)<\/p>\n<p>\u2022\u00a0 <a href=\"http:\/\/www.sochinut.cl \" target=\"_blank\">www.sochinut.cl <\/a>(Sociedad Chilena de Nutrici\u00f3n, Bromatolog\u00eda y Toxicolog\u00eda)<\/p>\n<p>En este sitio web se encuentra la Revista Chilena de Nutrici\u00f3n.<\/p>\n<p>\u2022\u00a0 <a href=\"http:\/\/www.springerlink.com\/content\/120415\/\" target=\"_blank\">www.springerlink.com\/content\/120415\/<\/a> (Revista Obesity Surgery)<\/p>\n<p>\u2022\u00a0 <a href=\"http:\/\/www.abeso.org.br \" target=\"_blank\">www.abeso.org.br <\/a> (Asociaci\u00f3n Brasile\u00f1a para el Estudio de la Obesidad\u00a0 y S\u00edndrome Metab\u00f3lico)<\/p>\n<p>ABESO es una Sociedad multidisciplinar que explica, difunde y promueve el conocimiento en el campo de la Obesidad yel contacto con los profesionales de la salud interesados en el asunto. En esta p\u00e1gina usted encontrar\u00e1 noticias, eventos, cursos y recetas de cocina light\u2026<\/p>\n<p>\u2022\u00a0 <a href=\"http:\/\/www.sciencedirect.com\/science\/journal\/15507289\" target=\"_blank\">www.sciencedirect.com\/science\/journal\/15507289<\/a> (Revista Surgery for Obesity and Related Diseases)<\/p>\n<p>\u2022\u00a0 www.diabetes.org (Asociaci\u00f3n Americana de Diabetes)<\/p>\n<p>Sitio web con consejos pr\u00e1cticos para el manejo de esta enfermedad, temas de Nutrici\u00f3n y recetas de cocina especiales\u2026<\/p>\n<p>\u2022\u00a0 <a href=\"http:\/\/http:\/\/care.diabetesjournals.org\" target=\"_blank\">http:\/\/care.diabetesjournals.org<\/a> (Revista Diabetes Care)<\/p>\n<p>\u2022\u00a0 <a href=\"http:\/\/www.iaso.org\" target=\"_blank\">www.iaso.org<\/a> (International Association for the study of Obesity)<\/p>\n<p>IASO es una organizaci\u00f3n que promociona la comprensi\u00f3n de la Obesidad y sus patolog\u00edas asociadas a nivel mundial, a trav\u00e9s de la investigaci\u00f3n cient\u00edfica y el di\u00e1logo, al tiempo que fomenta el desarrollo de pol\u00edticas p\u00fablicas eficaces para la prevenci\u00f3n de esta enfermedad\u2026<\/p>\n<p>\u2022\u00a0 <a href=\"http:\/\/http:\/\/spectrum.diabetesjournals.org\" target=\"_blank\">http:\/\/spectrum.diabetesjournals.org<\/a> (Revista Diabetes Spectrum)<\/p>\n<p>\u2022\u00a0 <a href=\"http:\/\/www.obesity.org\" target=\"_blank\">www.obesity.org<\/a> (Sociedad de Obesidad)<\/p>\n<p>Esta p\u00e1gina web contiene noticias, estad\u00edsticas, datos sobre convenciones y foros e informaci\u00f3n general acerca de la Obesidad \u2026<\/p>\n<p>\u2022\u00a0 <a href=\"http:\/\/www.aafp.org\" target=\"_blank\">www.aafp.org<\/a> (American Family Phisician)<\/p>\n<p>Revista M\u00e9dica avalada por la American Academy of Family Phisicians \u2013Academia Americana de M\u00e9dicos de Familia-, una de las mayores organizaciones m\u00e9dicas de Estados Unidos, con m\u00e1s de 94.000 profesionales de la salud y estudiantes de Medicina afiliados a ella. Este sitio tiene el objetivo de preservar y promover la ciencia y la alta calidad en la atenci\u00f3n de pacientes de todas las edades\u2026<\/p>\n<p>\u2022\u00a0 <a href=\"http:\/\/www.blackwellpublishing.com\/journal.asp?ref=1753-0393\" target=\"_blank\">www.blackwellpublishing.com\/journal.asp?ref=1753-0393<\/a> (Revista Journal of Diabetes)<\/p>\n<p>\u2022\u00a0 <a href=\"http:\/\/www.liebertpub.com\/Products\/Product.aspx?pid=115\" target=\"_blank\">www.liebertpub.com\/Products\/Product.aspx?pid=115<\/a> (Revista Metabolic Syndrome and Related Disorders)<\/p>\n<p>\u2022\u00a0 <a href=\"http:\/\/www.ajcn.org\" target=\"_blank\">www.ajcn.org<\/a> (American Journal of Clinical Nutrition)<\/p>\n<p>Esta revista contiene estad\u00edsticas, notas de Nutrici\u00f3n\u2026<\/p>\n<p>\u2022\u00a0 <a href=\"http:\/\/www.ajpcell.physiology.org\" target=\"_blank\">www.ajpcell.physiology.org<\/a> (American Journal of Physiology-Cell Physiology)<\/p>\n<p>P\u00e1gina web que contiene enfoques innovadores para el estudio de la c\u00e9lula y la fisiolog\u00eda molecular. Esta revista contiene art\u00edculos cient\u00edficos y documentos relativos a la estructura y funci\u00f3n de las membranas celulares, expresi\u00f3n de los genes e interacciones c\u00e9lula a c\u00e9lula, sistemas contr\u00e1ctiles y org\u00e1nulos celulares. Asimismo, abarca estudios de biolog\u00eda molecular, bioqu\u00edmica e inmunolog\u00eda, entre otros t\u00f3picos\u2026<\/p>\n<p>\u2022\u00a0 <a href=\"http:\/\/www.sciencedirect.com\/science\/journal\/10568727\" target=\"_blank\">www.sciencedirect.com\/science\/journal\/10568727<\/a> (Journal of Diabetes and its Complications)<\/p>\n<p>\u2022\u00a0 <a href=\"http:\/\/ajpendo.physiology.org\" target=\"_blank\">http:\/\/ajpendo.physiology.org<\/a> (American Journal of Physiology-Endocrinology and Metabolism)<\/p>\n<p>Esta revista m\u00e9dica publica estudios sobre el sistema endocrino y metab\u00f3lico. Entre los temas, destacan los mecanismos de la hormona de crecimiento, control de rendimiento de c\u00e9lulas endocrinas y activaci\u00f3n de expresi\u00f3n gen\u00e9tica\u2026<\/p>\n<p>\u2022\u00a0 <a href=\"http:\/\/ijod.uaeu.ac.ae\" target=\"_blank\">http:\/\/ijod.uaeu.ac.ae<\/a> (International Journal of Diabetes and Metabolism)<\/p>\n<p>\u2022\u00a0 <a href=\"http:\/\/content.karger.com\" target=\"_blank\">http:\/\/content.karger.com<\/a> (Annals of Nutrition and Metabolism)<\/p>\n<p>En este sitio encontrar\u00e1 un completo listado de revistas de los m\u00e1s variados temas cl\u00ednicos, de la A a la Z. Annals of Nutrition and Metabolism es un buscador de libros, art\u00edculos de revistas y publicaciones cient\u00edficas de todo el mundo\u2026<\/p>\n<p>\u2022\u00a0 <a href=\"http:\/\/www.ijddc.com\" target=\"_blank\">www.ijddc.com<\/a> (International Journal of Diabetes in Developing Countries)<\/p>\n<p>\u2022\u00a0 <a href=\"http:\/\/www.elsevier.com\/wps\/find\/journaldescription.cws_home\/709654\/description#description\" target=\"_blank\">www.elsevier.com\/wps\/find\/journaldescription.cws_home\/709654\/description#description<\/a> (Diabetes &amp; Metabolism)<\/p>\n<p>\u2022\u00a0 <a href=\"http:\/\/archinte.ama-assn.org \" target=\"_blank\">http:\/\/archinte.ama-assn.org <\/a>(Archives of Internal Medicine)<\/p>\n<p>Bolet\u00edn con contenidos de investigaci\u00f3n y art\u00edculos m\u00e9dicos, cuyos temas van desde las enfermedades infecciosas -como VIH, Malaria y Tuberculosis-, hasta temas de salud p\u00fablica \u2013como Obesidad y alcoholismo, entre otros-\u2026<\/p>\n<p>\u2022\u00a0 <a href=\"http:\/\/atvb.ahajournals.org\" target=\"_blank\">http:\/\/atvb.ahajournals.org<\/a> (Arteriosclerosis, Thrombosis and Vascular Biology)<\/p>\n<p>Publicaci\u00f3n que contiene temas de fisiolog\u00eda integradora y medicina experimental, biolog\u00eda celular y estudios cl\u00ednicos, entre otros\u2026<\/p>\n<p>\u2022\u00a0 <a href=\"http:\/\/www.blackwellpublishing.com\/submit.asp?ref=1462-8902\" target=\"_blank\">www.blackwellpublishing.com\/submit.asp?ref=1462-8902<\/a> (Diabetes, Obesity and Metabolism)<\/p>\n<p>\u2022\u00a0 <a href=\"http:\/\/www.bmj.com\" target=\"_blank\">www.bmj.com<\/a> (BMJ)<\/p>\n<p>Revista m\u00e9dica con noticias, investigaci\u00f3n, educaci\u00f3n, comentarios y experiencia m\u00e9dica al alcance de la mano de los profesionales de la salud de Chile y del mundo\u2026<\/p>\n<p>\u2022\u00a0 <a href=\"http:\/\/bjp.rcpsych.org \" target=\"_blank\">http:\/\/bjp.rcpsych.org <\/a>(The British Journal of Psychiatry)<\/p>\n<p>Revista l\u00edder en el \u00e1mbito de la Psiquiatr\u00eda a nivel mundial. Abarca todas las ramas de la materia, con particular \u00e9nfasis en los aspectos cl\u00ednicos de cada tema. Adem\u00e1s, contiene destacados documentos del Reino Unido y del mundo, editoriales, art\u00edculos, comentarios, informes, suplementos y una amplia rese\u00f1a de libros relacionados con el \u00e1rea\u2026<\/p>\n<p>\u2022\u00a0 <a href=\"http:\/\/www.ajcn.org\" target=\"_blank\">www.ajcn.org<\/a> (Revista The American Journal of Clinical Nutrition)<\/p>\n<p>\u2022\u00a0 <a href=\"http:\/\/journals.cambridge.org\/action\/displayJournal?jid=bjn\" target=\"_blank\">http:\/\/journals.cambridge.org\/action\/displayJournal?jid=bjn<\/a> (Revista British Journal of Nutrition)<\/p>\n<p>\u2022\u00a0 <a href=\"http:\/\/clinical.diabetesjournals.org \" target=\"_blank\">http:\/\/clinical.diabetesjournals.org <\/a>(Clinical Diabetes)<\/p>\n<p>Revista dirigida a todos los profesionales de la salud involucrados en el manejo de pacientes con diabetes, con la \u00faltima informaci\u00f3n sobre los avances en los sistemas de tratamiento de esta patolog\u00eda. Este sitio es tambi\u00e9n un foro de debate donde los especialistas pueden intercambiar experiencias, estudios de casos e investigaciones recientes\u2026<\/p>\n<p>\u2022\u00a0 <a href=\"http:\/\/www.jacn.org\" target=\"_blank\">www.jacn.org<\/a> (Revista Journal of the American College of Nutrition)<\/p>\n<p>\u2022\u00a0 <a href=\"http:\/\/diabetes.diabetesjournals.org\" target=\"_blank\">http:\/\/diabetes.diabetesjournals.org<\/a> (Diabetes)<\/p>\n<p>En esta p\u00e1gina se encuentra la Revista \u201cDiabetes\u201d, de la Asociaci\u00f3n Americana de Diabetes. Publica investigaciones originales sobre la fisiolog\u00eda y fisiopatolog\u00eda de la diabetes mellitus\u2026<\/p>\n<p>\u2022\u00a0 <a href=\"http:\/\/www.adajournal.org\" target=\"_blank\">www.adajournal.org<\/a> (Journal of the American Dietetic Association)<\/p>\n<p>\u2022\u00a0 <a href=\"http:\/\/www.easoobesity.org\" target=\"_blank\">www.easoobesity.org<\/a> (The European Association for the Study of Obesity)<\/p>\n<p>\u2022\u00a0 <a href=\"http:\/\/www.obesity.org\/about\/subscribe.asp\" target=\"_blank\">www.obesity.org\/about\/subscribe.asp<\/a> (The Obesity Society)<\/p>\n<p>\u2022\u00a0 <a href=\"http:\/\/care.diabetesjournals.org\" target=\"_blank\">http:\/\/care.diabetesjournals.org<\/a> (Diabetes Care)<\/p>\n<p>Revista Diabetes Care es una ayuda para el profesional que desea aumentar sus conocimientos m\u00e9dicos, estimular la investigaci\u00f3n y promover una mejor gesti\u00f3n en las personas con diabetes. Contiene interesantes art\u00edculos, cartas al editor\u2026<\/p>\n<p>\u2022\u00a0 <a href=\"http:\/\/edrv.endojournals.org\" target=\"_blank\">http:\/\/edrv.endojournals.org<\/a> (Endocrine Reviews)<\/p>\n<p>Publicaci\u00f3n que posee investigaciones en endocrinolog\u00eda y otras \u00e1reas relacionadas, tales como biolog\u00eda celular, inmunolog\u00eda, farmacolog\u00eda, gen\u00e9tica, biolog\u00eda molecular, medicina reproductiva y pediatr\u00eda&#8230;<\/p>\n<p>\u2022\u00a0 <a href=\"http:\/\/www.nutritionj.com\/content\/4\/1\/24 \" target=\"_blank\">www.nutritionj.com\/content\/4\/1\/24 <\/a>(Revista Nutrition Journal)<\/p>\n<p>\u2022\u00a0 <a href=\"http:\/\/content.karger.com\/ProdukteDB\/produkte.asp?Aktion=JournalHome&amp;ProduktNr=223977&amp;ContentOnly=false \" target=\"_blank\">http:\/\/content.karger.com\/ProdukteDB\/produkte.asp?Aktion=JournalHome&amp;ProduktNr=223977&amp;ContentOnly=false <\/a>(Revista Annals of Nutrition and Metabolism)<\/p>\n<p>\u2022\u00a0 <a href=\"http:\/\/endo.endojournals.org\" target=\"_blank\">http:\/\/endo.endojournals.org<\/a> (Endocrinology)<\/p>\n<p>Endocrinology es una de las revistas de investigaci\u00f3n biom\u00e9dica m\u00e1s importantes del mundo, con m\u00e1s de 6.000 p\u00e1ginas publicadas anualmente\u2026<\/p>\n<p>\u2022\u00a0 <a href=\"http:\/\/stfm.org\" target=\"_blank\">http:\/\/stfm.org<\/a> (Family Medicine)<\/p>\n<p>Esta p\u00e1gina ofrece enlaces a tablas de contenido y res\u00famenes, que responden a las necesidades de los educadores de Medicina Familiar&#8230;<\/p>\n<p>\u2022\u00a0 <a href=\"http:\/\/www.nature.com\/ejcn\/index.html \" target=\"_blank\">www.nature.com\/ejcn\/index.html <\/a>(Revista European Journal of Clinical Nutrition)<\/p>\n<p>\u2022\u00a0 <a href=\"http:\/\/www.healthyeatingclub.com\/APJCN\/\" target=\"_blank\">www.healthyeatingclub.com\/APJCN\/<\/a> ( Revista Asia Pacific Journal of Clinical Nutrition)<\/p>\n<p>\u2022\u00a0 <a href=\"http:\/\/fampra.oxfordjournals.org\" target=\"_blank\">http:\/\/fampra.oxfordjournals.org<\/a> (Family Practice)<\/p>\n<p>Revista m\u00e9dica internacional destinada a ofrecer un panorama de los problemas y preocupaciones en el \u00e1mbito de la Medicina Familiar, adem\u00e1s de proporcionar un medio de instrucci\u00f3n y exploraci\u00f3n en el campo&#8230;<\/p>\n<p>\u2022\u00a0 <a href=\"http:\/\/www.genetics.org\" target=\"_blank\">www.genetics.org<\/a> (Genetics)<\/p>\n<p>Genetics es una publicaci\u00f3n de la Sociedad Americana de Gen\u00e9tica. Entre los temas que aborda, destacan: poblaci\u00f3n y gen\u00e9tica evolutiva, comportamiento gen\u00e9tico, gen\u00e9tica celular y genoma. La revista tambi\u00e9n informa acerca de cuestiones de actualidad que son de inter\u00e9s para los genetistas\u2026<\/p>\n<p>\u2022\u00a0 <a href=\"http:\/\/www.ijbnpa.org\" target=\"_blank\">www.ijbnpa.org<\/a> (Revista International Journal of Behavioral Nutrition and Physical Activity)<\/p>\n<p>\u2022\u00a0 <a href=\"http:\/\/jama.ama-assn.org\" target=\"_blank\">http:\/\/jama.ama-assn.org<\/a> (JAMA)<\/p>\n<p>Esta revista, de la Asociaci\u00f3n M\u00e9dica Americana, se caracteriza por tener videos, figuras animadas y contenidos multimedia altamente interactivos. JAMA es la revista m\u00e9dica m\u00e1s difundida del mundo. Promueve la ciencia y el arte de la Medicina, adem\u00e1s del mejoramiento de la salud p\u00fablica\u2026<\/p>\n<p>\u2022\u00a0 <a href=\"http:\/\/journals.cambridge.org\/action\/displayJournal?jid=NRR\" target=\"_blank\">http:\/\/journals.cambridge.org\/action\/displayJournal?jid=NRR<\/a> (Revista Nutrion Research Reviews)<\/p>\n<p>\u2022\u00a0 <a href=\"http:\/\/jcem.endojournals.org \" target=\"_blank\">http:\/\/jcem.endojournals.org <\/a>(Journal of Clinical Endocrinology &amp; Metabolism)<\/p>\n<p>Cada n\u00famero de esta publicaci\u00f3n ofrece las \u00faltimas novedades en tratamientos endocrinos y trastornos metab\u00f3licos a nivel mundial. Incluye ensayos cl\u00ednicos y gu\u00edas de pr\u00e1ctica cl\u00ednica, caso de seminarios e informes originales de los m\u00e1s importantes avances en la investigaci\u00f3n del paciente endocrino y metab\u00f3lico\u2026<\/p>\n<p>\u2022\u00a0 <a href=\"http:\/\/pubs.nrc-cnrc.gc.ca\/rp-ps\/journalDetail.jsp?lang=eng&amp;jcode=apnm\" target=\"_blank\">http:\/\/pubs.nrc-cnrc.gc.ca\/rp-ps\/journalDetail.jsp?lang=eng&amp;jcode=apnm<\/a> (Applied Physiology, Nutrition, and Metabolism)<\/p>\n<p>\u2022\u00a0 <a href=\"http:\/\/www.nutritionjrnl.com\" target=\"_blank\">www.nutritionjrnl.com<\/a> (Revista Nutrition)<\/p>\n<p>\u2022\u00a0 <a href=\"http:\/\/www.jci.org \" target=\"_blank\">www.jci.org <\/a>(Journal of Clinical Investigation)<\/p>\n<p>La JCI es una publicaci\u00f3n de la Sociedad Americana de Investigaci\u00f3n Cl\u00ednica. Contiene art\u00edculos online, noticias y suplementos m\u00e9dicos\u2026<\/p>\n<p>\u2022\u00a0 <a href=\"http:\/\/www.jlr.org\" target=\"_blank\">www.jlr.org<\/a> (Journal of Lipid Research)<\/p>\n<p>La Sociedad Americana de Bioqu\u00edmica y Biolog\u00eda Molecular publica la Revista de Investigaci\u00f3n de L\u00edpidos, que hace hincapi\u00e9 en cuatro \u00e1reas representativas: Metabolismo del tejido adiposo, antioxidantes y peroxidaci\u00f3n lip\u00eddica, transporte de l\u00edpidos y metabolismo, y aterog\u00e9nesis\u2026<\/p>\n<p>\u2022\u00a0 <a href=\"http:\/\/www.nutrition.org\" target=\"_blank\">www.nutrition.org<\/a> (Journal of Nutrition)<\/p>\n<p>Esta es una publicaci\u00f3n de la Sociedad Americana para la Nutrici\u00f3n (ASN), que incluye investigaciones cl\u00ednicas, cartas al editor y art\u00edculos con los \u00faltimos avances en los campos de la ciencia y la Nutrici\u00f3n\u2026<\/p>\n<p>\u2022\u00a0<a href=\"http:\/\/mend.endojournals.org\" target=\"_blank\"> http:\/\/mend.endojournals.org<\/a> (Molecular Endocrinology)<\/p>\n<p>Este sitio web contiene foros dedicados a la descripci\u00f3n de los mecanismos moleculares, adem\u00e1s de las \u00faltimas novedades en ciencia de vanguardia\u2026<\/p>\n<p>\u2022\u00a0 <a href=\"http:\/\/www.nature.com\" target=\"_blank\">www.nature.com<\/a> (Nature)<\/p>\n<p>Lo mejor del mundo de la ciencia y de la medicina en un solo lugar. Publicaciones, reportajes, noticias cient\u00edficas, pol\u00edticas y econ\u00f3micas; investigaciones, y una selecci\u00f3n en ofertas de trabajos e informaci\u00f3n sobre conferencias\u2026<\/p>\n<p>\u2022\u00a0 <a href=\"http:\/\/www.nutrition.org\/publications\/the-journal-of-nutrition\" target=\"_blank\">www.nutrition.org\/publications\/the-journal-of-nutrition<\/a> (American Society for Nutrition)<\/p>\n<p>\u2022\u00a0<a href=\"http:\/\/www.elsevier.es\" target=\"_blank\"> www.elsevier.es<\/a> (Nutrici\u00f3n y Obesidad)<\/p>\n<p>Aqu\u00ed encontrar\u00e1 un cat\u00e1logo con las \u00faltimas novedades en libros y revistas por especialidades: Acupuntura, Cardiolog\u00eda y Pediatr\u00eda, son algunas de estas categor\u00edas&#8230;<\/p>\n<p>\u2022\u00a0 <a href=\"http:\/\/www.nature.com\/oby\/index.html\" target=\"_self\">www.nature.com\/oby\/index.html<\/a> (Obesity Research)<\/p>\n<p>Revista m\u00e9dica que ofrece publicaciones de alta calidad en\u00a0 investigaci\u00f3n. Asimismo, entrega las \u00faltimas novedades en las \u00e1reas de Nutrici\u00f3n Cl\u00ednica, Farmacolog\u00eda, Medicina y Gen\u00e9tica\u2026<\/p>\n<p>\u2022\u00a0 <a href=\"http:\/\/www.eatright.org\/cps\/rde\/xchg\/ada\/hs.xsl\/index.html\" target=\"_blank\">www.eatright.org\/cps\/rde\/xchg\/ada\/hs.xsl\/index.html<\/a> (American Dietetic Association)<\/p>\n<p>\u2022\u00a0 <a href=\"http:\/\/pediatrics.aappublications.org\" target=\"_blank\">http:\/\/pediatrics.aappublications.org<\/a> (Pediatrics)<\/p>\n<p>Revista oficial de la Academia Americana de Pediatras. El objetivo de esta publicaci\u00f3n es abarcar las necesidades del ni\u00f1o en su totalidad, en el \u00e1mbito fisiol\u00f3gico, mental, emocional y social. Contiene investigaciones, observaciones cl\u00ednicas y art\u00edculos especiales de Pediatr\u00eda y otros sectores afines, como Nutrici\u00f3n, Cirug\u00eda, Odontolog\u00eda, Salud P\u00fablica, Gen\u00e9tica Humana, Psicolog\u00eda y Psiquiatr\u00eda\u2026<\/p>\n<p>\u2022\u00a0 <a href=\"http:\/\/www.pedresearch.org\" target=\"_blank\">www.pedresearch.org<\/a> (Pediatric Research)<\/p>\n<p>Aqu\u00ed usted podr\u00e1 encontrar noticias cient\u00edficas, art\u00edculos cl\u00ednicos y cient\u00edficos especiales el \u00e1rea de la Pediatr\u00eda\u2026<\/p>\n<p>\u2022\u00a0 <a href=\"http:\/\/www.sciencemag.org\" target=\"_blank\">www.sciencemag.org<\/a> (Revista Science)<\/p>\n<p>Revista oficial de la Sociedad Americana para el Avance de la Ciencia. Publica hallazgos de investigaci\u00f3n reciente, art\u00edculos sobre pol\u00edtica cient\u00edfica y otros asuntos en relaci\u00f3n con el \u00e1rea de las ciencias y tecnolog\u00eda. Cubre un amplio rango de disciplinas cient\u00edficas, pero tiene especial inter\u00e9s en las ciencias de la vida\u2026<\/p>\n<p>\u2022\u00a0 <a href=\"http:\/\/www.bda.uk.com\" target=\"_blank\">www.bda.uk.com<\/a> (British Dietetic Association)<\/p>\n<p>\u2022\u00a0\u00a0\u00a0 <a href=\"http:\/\/www.diabetes.org\/diabetes-research\/research-home.jsp\" target=\"_blank\">www.diabetes.org\/diabetes-research\/research-home.jsp<\/a> (American Diabetes Association)<\/p>\n<p>\u2022\u00a0\u00a0\u00a0 <a href=\"http:\/\/www.thelancet.com\" target=\"_blank\">www.thelancet.com<\/a> (The Lancet)<\/p>\n<p>Revista m\u00e9dica brit\u00e1nica. Aqu\u00ed encontrar\u00e1 enlaces especializados en Neurolog\u00eda, Oncolog\u00eda y enfermedades infecciosas\u2026<\/p>\n","protected":false},"excerpt":{"rendered":"<p>\u2022\u00a0 www.inta.cl (Instituto de Nutrici\u00f3n y Tecnolog\u00eda de los Alimentos) El INTA es un Centro de Investigaci\u00f3n, dependiente de la Universidad de Chile, cuyo objetivo es producir la mejor investigaci\u00f3n, docencia y extensi\u00f3n posible, para hacer un aporte significativo en la soluci\u00f3n de los problemas alimentario-nutricionales de Chile. En este sitio usted encontrar\u00e1, entre otras [&hellip;]<\/p>\n","protected":false},"author":1,"featured_media":0,"parent":0,"menu_order":6,"comment_status":"closed","ping_status":"closed","template":"","meta":{"_acf_changed":false,"footnotes":""},"class_list":["post-10","page","type-page","status-publish","hentry"],"acf":[],"jetpack_sharing_enabled":true,"_links":{"self":[{"href":"https:\/\/www.sochob.cl\/web1\/wp-json\/wp\/v2\/pages\/10","targetHints":{"allow":["GET"]}}],"collection":[{"href":"https:\/\/www.sochob.cl\/web1\/wp-json\/wp\/v2\/pages"}],"about":[{"href":"https:\/\/www.sochob.cl\/web1\/wp-json\/wp\/v2\/types\/page"}],"author":[{"embeddable":true,"href":"https:\/\/www.sochob.cl\/web1\/wp-json\/wp\/v2\/users\/1"}],"replies":[{"embeddable":true,"href":"https:\/\/www.sochob.cl\/web1\/wp-json\/wp\/v2\/comments?post=10"}],"version-history":[{"count":8,"href":"https:\/\/www.sochob.cl\/web1\/wp-json\/wp\/v2\/pages\/10\/revisions"}],"predecessor-version":[{"id":1095,"href":"https:\/\/www.sochob.cl\/web1\/wp-json\/wp\/v2\/pages\/10\/revisions\/1095"}],"wp:attachment":[{"href":"https:\/\/www.sochob.cl\/web1\/wp-json\/wp\/v2\/media?parent=10"}],"curies":[{"name":"wp","href":"https:\/\/api.w.org\/{rel}","templated":true}]}}