{"id":2,"date":"2008-10-21T05:16:07","date_gmt":"2008-10-21T03:16:07","guid":{"rendered":"http:\/\/www.sochob.cl\/web1\/?page_id=2"},"modified":"2019-09-01T11:39:07","modified_gmt":"2019-09-01T15:39:07","slug":"sobre-nosotros","status":"publish","type":"page","link":"https:\/\/www.sochob.cl\/web1\/sobre-nosotros\/","title":{"rendered":"Nosotros"},"content":{"rendered":"<h3>Nuestra <span style=\"color: #00a1e7;\">Misi\u00f3n<\/span><\/h3>\n<p>La Sociedad Chilena de Obesidad es una Corporaci\u00f3n sin fines de lucro cuya misi\u00f3n es educar, promover e intercambiar, conocimientos y experiencias acerca de la Obesidad y sus patolog\u00edas asociadas, con profesionales nacionales e internacionales expertos en estas materias, tanto en el sector cient\u00edfico-m\u00e9dico como en el p\u00fablico general.<\/p>\n<h3>Nuestra <span style=\"color: #00a1e7;\">Visi\u00f3n<\/span><\/h3>\n<p>Nuestra visi\u00f3n es ser una Sociedad Cient\u00edfica l\u00edder en el pa\u00eds en el estudio de la Obesidad y sus enfermedades relacionadas, por su compromiso en el \u00e1rea de la docencia y la capacitaci\u00f3n de profesionales de la salud de Chile y del resto del mundo, a trav\u00e9s de un equipo de m\u00e9dicos altamente capacitados, de excelencia y de reconocimiento a nivel global.<\/p>\n<h3>Nuestros <span style=\"color: #00a1e7;\">Objetivos<\/span><\/h3>\n<ul>\n<li>Mejorar la percepci\u00f3n ciudadana acerca de la importancia de adquirir un estilo de vida saludable<\/li>\n<li>Desarrollar una campa\u00f1a de educaci\u00f3n p\u00fablica para concientizar a la poblaci\u00f3n y a las autoridades pertinentes respecto a la implantaci\u00f3n de medidas eficaces que promuevan h\u00e1bitos de vida sanos y que produzcan una reducci\u00f3n de las cifras de Obesidad en el pa\u00eds.<\/li>\n<li>Crear una agrupaci\u00f3n de m\u00e9dicos y otros profesionales de la salud, legisladores, empresarios y comunidad en general, que trabajen en conjunto para alcanzar esta meta.<\/li>\n<li>Identificar m\u00e9todos de reducci\u00f3n de la Obesidad que sean sensibles en la poblaci\u00f3n chilena, que funcionen y que puedan ser promovidos al interior de ella.<\/li>\n<\/ul>\n","protected":false},"excerpt":{"rendered":"<p>Nuestra Misi\u00f3n La Sociedad Chilena de Obesidad es una Corporaci\u00f3n sin fines de lucro cuya misi\u00f3n es educar, promover e intercambiar, conocimientos y experiencias acerca de la Obesidad y sus patolog\u00edas asociadas, con profesionales nacionales e internacionales expertos en estas materias, tanto en el sector cient\u00edfico-m\u00e9dico como en el p\u00fablico general. Nuestra Visi\u00f3n Nuestra visi\u00f3n [&hellip;]<\/p>\n","protected":false},"author":1,"featured_media":0,"parent":0,"menu_order":0,"comment_status":"closed","ping_status":"closed","template":"","meta":{"_acf_changed":false,"footnotes":""},"class_list":["post-2","page","type-page","status-publish","hentry"],"acf":[],"jetpack_sharing_enabled":true,"_links":{"self":[{"href":"https:\/\/www.sochob.cl\/web1\/wp-json\/wp\/v2\/pages\/2","targetHints":{"allow":["GET"]}}],"collection":[{"href":"https:\/\/www.sochob.cl\/web1\/wp-json\/wp\/v2\/pages"}],"about":[{"href":"https:\/\/www.sochob.cl\/web1\/wp-json\/wp\/v2\/types\/page"}],"author":[{"embeddable":true,"href":"https:\/\/www.sochob.cl\/web1\/wp-json\/wp\/v2\/users\/1"}],"replies":[{"embeddable":true,"href":"https:\/\/www.sochob.cl\/web1\/wp-json\/wp\/v2\/comments?post=2"}],"version-history":[{"count":4,"href":"https:\/\/www.sochob.cl\/web1\/wp-json\/wp\/v2\/pages\/2\/revisions"}],"predecessor-version":[{"id":5408,"href":"https:\/\/www.sochob.cl\/web1\/wp-json\/wp\/v2\/pages\/2\/revisions\/5408"}],"wp:attachment":[{"href":"https:\/\/www.sochob.cl\/web1\/wp-json\/wp\/v2\/media?parent=2"}],"curies":[{"name":"wp","href":"https:\/\/api.w.org\/{rel}","templated":true}]}}